?
10
What is -4 + 0 - ((30 - 46) + 21)?
-9
What is the value of (12 - -1 - 30) + (-3 - -3)?
-17
What is the value of 53 - (-47 - -100) - (-1 + 7)?
-6
What is 7 - ((-2 - 5) + 6 + 9)?
-1
Evaluate 5 + -3 + 0 + 1 + -124 + 105.
-16
What is the value of -7 + (13 - (-9 - (7 + -2)))?
20
-13 + -22 + (10 - (-15 - -14))
-24
Calculate 8 + (3 - 5 - 3 - (26 + -4)).
-19
What is (3 - 1) + (-22 - (18 - (6 - 4)))?
-36
1 - -2 - (-2 + 1 - -6)
-2
(15 - (9 - 13 - -14)) + (-2 - -10)
13
Calculate (-5 - 0) + (1 - -13) + -9.
0
Calculate -17 - ((-7 - -5) + -16).
1
Evaluate 7 + (-4 - -11) + -33 + (-21 - -9).
-31
What is -3 - -2 - 10 - (69 - 77)?
-3
23 + -4 + -18 - (-17 + (2 - 0))
16
-28 - (-99 - (-5 - 35))
31
Evaluate 21 - 35 - -4 - -19.
9
Calculate (0 - 2 - 14) + 9 - -8.
1
(2 - (-25 - -14)) + 3 + -13
3
(-12 - -1) + -319 + 316
-14
Calculate -12 + 7 + -2 - (-6 - 2 - -6).
-5
What is 31 - 0 - (-65 + 6 + 54)?
36
Calculate (-8 - -3) + (6 - (6 - 13) - -2).
10
-47 + 34 - (-1 - 4 - 1)
-7
What is the value of -5 - (16 - (-13 - -29) - (-5 + 0))?
-10
What is the value of -196 - -199 - (-4 + 1 + -1)?
7
Calculate (1 - -1) + (5 - (34 + -26)) + 8.
7
Evaluate 30 + -47 - 21 - -30.
-8
What is 0 + (3 - (-14 + 21))?
-4
Calculate 0 + -2 + (72 - (22 + 35)).
13
Calculate -19 + 0 + -7 - -21.
-5
-22 + 30 - ((-4 - -3) + (-1 - 3))
13
What is -2 + -1 + 8 + (-163 - -156)?
-2
Evaluate 0 + 4 + 1 + 51 + -60.
-4
Calculate 9 + -19 + 14 + -1 + -14 + 7.
-4
Calculate 3 - (-8 - (-10 + (17 - 17))).
1
What is the value of -67 - -7 - -27 - -56?
23
Evaluate (4 - -9) + (6 - 15 - -13).
17
What is 9 - (0 - 1) - -12?
22
85 + -38 - ((-9 - -24) + 2)
30
What is 1 - 8 - (2 + 17 - 27)?
1
What is 116 + -112 + (1 + 0 - 12) + 9?
2
15 + (-6 - -9) + -3
15
-2 + 0 + (18 - 5 - 3 - 30)
-22
Calculate 7 + (16 - 8 - ((1 - -1) + 2)).
11
1 + 10 - (49 + -36)
-2
Evaluate -19 + 17 - (5 + -7 - -5).
-5
What is -1 - (-30 - -2) - 1 - (394 + -390)?
22
Evaluate -1 - -3 - (96 - 88).
-6
0 - -1 - (-35 - -31) - 5
0
Evaluate -7 + -11 + 5 + -9.
-22
What is 1 + (-18 - (-24 + 4) - (9 - 2))?
-4
Evaluate (-48 + 3 - (0 - (9 - 3))) + 8.
-31
Calculate -3 - (-6 + 0 + -9 + 15 + 2).
-5
Evaluate -3 + 5 - (-7 + -1 - -17) - 2.
-9
What is the value of -12 - -10 - -4 - ((-5 - -3) + 1)?
3
-6 - (-14 + -1 - (38 - 53))
-6
What is the value of -1 + 48 - (-1184 - -1207)?
24
Calculate 5 + 0 + (-20 - -19) + -5.
-1
What is (-4 - -1) + (4 - -2) + -4 + 2?
1
What is the value of 29 - 24 - (1 - (3 - 1))?
6
Evaluate (-82 - -20) + 30 + 34.
2
Calculate -3 - (-3 + 12) - (-6 - (18 - 20)).
-8
What is the value of (-8 - -5) + (39 - 36)?
0
Evaluate 8 + 4 - (16 - 6 - 16).
18
What is 6 - (18 - 18 - (-14 - -2))?
-6
-6 + 4 + (-7 + 6 - 4)
-7
Evaluate -3 + (-1 + (4 - -3) - (10 + -6)).
-1
What is 9 + (6 - (19 + -11)) + 13?
20
-163 - -119 - (-6 + (-1 - (-3 - -6)))
-34
What is the value of -9 - (-6 - (24 - 23))?
-2
What is the value of -6 - (9 + -1 - (-33 - -54))?
7
What is -2 + 21 + (-13 - -4)?
10
Calculate 5 - (-7 + 9) - (11 + 4).
-12
What is 1 + 0 + -577 + 565?
-11
-14 + 21 + 16 - (7 + 0)
16
Evaluate -266 + 254 + (1 - -1) + 0.
-10
Calculate 1 + -1 + -6 - (-4 + 8 - 4).
-6
What is the value of (1 - -12) + (-6 - (0 - -2 - 1))?
6
Calculate 7 - 7 - (-34 + 17).
17
Calculate -2 + 3 - -1 - (-6 - -15 - 3).
-4
What is -19 - (9 + -25) - (9 + -1 + 1)?
-12
Calculate -14 + (-19 + 5 - -23).
-5
Evaluate (-1 - -10) + (14 - (21 + -5)).
7
9 - ((34 - 20) + -6)
1
What is the value of -4 + -12 - -14 - -5?
3
Evaluate -4 - (-6 + (-7 - -29)).
-20
(-11 + -5 - 6 - -12 - -9) + 9
8
What is -1 - 6 - (0 - -18 - 13)?
-12
What is 2 - 21 - (-3 + (-1 - -5) + -5)?
-15
Calculate 0 + (-13 - (12 - 28) - -3).
6
What is the value of (-21 - -2 - -23) + 13?
17
What is the value of 4 + (25 - 45) + 13?
-3
-2 + -5 + (-10 - (-16 + -6))
5
What is 10 + (8 - (7 + 3)) - (11 + -4)?
1
(15 - 12 - (-2 + 14) - -3) + 13
7
Evaluate -26 - -10 - (-4 - 22).
10
What is (-2 - -10) + (-3 + 29 - (126 + -121))?
29
Evaluate (106 - 100) + (-2 + -7 - -2).
-1
Calculate -35 - -1 - (-9 - 50 - -56).
-31
Evaluate -1 - -5 - (-2 + 0) - (10 + -11).
7
0 + 1 - ((-1 - -13) + (-171 - -166))
-6
Evaluate ((1 - -4) + -14 - 8) + -5.
-22
Evaluate 2 + 0 + 4 - (-5 - -12 - -5).
-6
Calculate 7 + -5 + -8 - 12 - (2 + -8).
-12
What is 2 + -17 - ((2 - 0) + 0)?
-17
Calculate (8 + -20 - 2) + -9 + 7.
-16
Evaluate 1 - (0 + -4 + 2 + 10).
-7
What is 0 - (-6 - -2 - 1) - (-12 - -8)?
9
What is the value of -10 + 2 + 6 + 13 + -9?
2
Calculate 6 + (-1 + -4 - -1).
2
What is the value of 18 + -1 - (13 - -3)?
1
Calculate (232 - 234) + -7 + 1 + (2 - 1).
-7
What is -12 - -28 - 12 - 14 - 6?
-16
What is 37 + -51 + 27 + -48?
-35
Evaluate (-45 + 27 - -12) + (0 - 14) + 2.
-18
(8 - (15 + -2)) + (4 - -3) + 2
4
What is the value of 16 + (14 - 27) + 5?
8
4 + 0 + -9 + 24
19
Evaluate -3 - 3 - 26 - (-14 + 8).
-26
Calculate -8 + 1 + -7 + 0 + -27 + 34.
-7
Evaluate -19 + 9 + 9 + -13.
-14
3 - (6 - -6 - 0)
-9
(25 - (12 + 3)) + -14 + 5
1
Evaluate (-8 - -8) + (3 - (-11 + 5)).
9
Calculate -39 + 48 - (-28 + 11 + -4).
30
What is the value of -1 - (-1 + 0 + 9) - -6?
-3
What is 3 + -10 - (15 - 44)?
22
What is the value of -7 - -2 - (2 - (7 + -7 + 1))?
-6
What is 13 - (-5 - -1 - (-20 - -11))?
8
(-3 + -2 + 1 - (-39 - -42)) + 10
3
-38 + (21 - -1) + 13
-3
What is the value of 14 - (-1 - -12 - (25 + -26 + 8))?
10
Calculate -2 + (-123 + 132 - (13 - 0)).
-6
Calculate -100 + 114 + -1 + -2 + 2 + 3.
16
What is the value of (8 - 32) + 36 + 7?
19
Calculate -1 - ((-11 - -18) + -19).
11
What is the value of 56 + -27 + -41 - 20?
-32
What is the value of -6 + (-4 - 0 - (9 + -19 + 4))?
-4
Calculate 33 + 1 - (-20 - -43).
11
What is -11 + (7 + -13 - (-3 + 6))?
-20
Calculate 8 - (1 + 8) - 5.
-6
What is -6 - ((-5 - -1 - (-32 - -26)) + -17)?
9
(-12 - (-28 - -8)) + -5
3
What is the value of -7 - (5 + (-15 - -15))?
-12
Evaluate 17 - 8 - (84 + -84).
9
What is 10 - (8 - 5) - (-6 + 7)?
6
Calculate (1001 - 1007) + -5 + 0.
-11
Evaluate (-11 - (1 + -3)) + 3 - (-27 + 25).
-4
What is the value of -4 + 25 - (3 - (11 + -13))?
16
-5 - (-1 + 0 - (-3 - 0 - -1))
-6
Evaluate -3 + 35 + -32 + (1 - (1 + -2)).
2
(-6 - (26 - 14)) + 8
-10
What is (-7 - (-10 + -14 - (-1 - -2))) + 3?
21
What is -7 + (-6 + -1 - (-40 - -33))?
-7
What is (25 - 5) + (-6 - 1) + 0 + 3?
16
Evaluate -8 + (-7 + 27 - -8) - 6 - -10.
24
Evaluate (3 - -2) + (24 - (-22 - -65)).
-14
Evaluate 104 + -116 + 12 + 0.
0
Calculate 14 - (5 + -5) - 4 - (-5 - -3).
12
(8 - (-3 + -2)) + -15
-2
Calculate -1 - 6 - (-4 - (-4 + 2 - -19)).
14
(1 - 8) + -10 + (24 - -7)
14
What is the value of -29 + 37 + 3 + -1 + -9?
1
-8 + -12 + 13 + -11
-18
What is (8 - -35) + -21 - 36?
-14
Calculate -30 - (-6 + 5) - (-126 - -114).
-17
((2 - 8) + 5 - -11) + -1
9
What is -15 + 8 + -2 + (9 - -2)?
2
Calculate (9 - (-2 + 3)) + -1 + -18.
-11
0 - (22 + -24 - (-5 + 1))
-2
What is the value of -6 - (23 - 26) - (0 + 5)?
-8
What is 75 + 9 - 31 - 23?
30
What is -20 - (-23 - (-10 - 2))?
-9
Evaluate -249 - -276 - (-2 + 2).
27
What is (-2 - (2 - (-3 + -5))) + 3?
-9
What is the value of -5 + 6 - (5 + 2) - (-101 + 99)?
-4
Calculate -20 + 60 - 25 - 12.
3
Evaluate 11 + (-10 - 8 - -23).
16
What is 13 + (32 - (15 - (-5 - 0)))?
25
-34 - (5 + -18) - (-2 + 5)
-24
Evaluate -1 + 3 - (-5 + -3 + 4 + -3).
9
What is the value of -2 + (-3 - 5 - 4 - (3 - -1))?
-18
Evaluate (82 + -78 - (-3 + 2)) + -7.
-2
Evaluate -2 + 8 + 1 - (3 + -7).
11
What is the value of 1 - -42 - (-65 - (-60 + -10))?
38
Evaluate -3 + 17 + (2 - -4 - 11) - 6.
3
Evaluate 9 - (-5 - (5 - -1 - 8)).
12
Calculate 21 - (-40 + (37 - 17)) - (2 + 9).
30
Calculate -16 + 25 - (5 - (-1 - -11)).
14
Evaluate 2 + -2 + 0 + 20 + -8.
12
What is -5 + (5 - 11) + 3?
-8
Calculate 37 - 49 - (3 - 18).
3
Evaluate 2 - 0 - (-36 - -35).
3
Calculate (6 - (10 - (8 + 23))) + -9.
18
27 + -31 + -1 + 6 + 6 + -21
-14
-9 + (35 - 28 - (-1 + 3)) - 2
-6
What is the value of (70 - 56) + (-24 - 6)?
-16
What is 423 + -418 - (0 + 19)?
-14
Calculate 9 + (8 - (3 - 3) - 8).
9
What is (-1 - 20) + 319 + -323?
-25
Calculate -27 + 3 - (-14 + 11) - 2.
-23
13 + -16 + (-6 - -8) + 15
14
22 - -8 - (6 + 5)
19
Evaluate 1 + -39 - (958 - 1009).
13
What is (14 - (5 + -6 + 8)) + -15?
-8
What is the value of -24 + (2 - -3) + 3 + -3 + 0?
-19
13 + (-10 + 4 + 10 - 2)
15
What is the value of (-2 - -21 - 8 - 1) + -3?
7
Calculate (7 - -4) + -9 - -1 - (2 + -